{"id":1104,"date":"2023-09-20T13:39:14","date_gmt":"2023-09-20T11:39:14","guid":{"rendered":"http:\/\/valentinalizer.com\/?page_id=1104"},"modified":"2025-07-01T18:18:07","modified_gmt":"2025-07-01T16:18:07","slug":"sous-la-tente","status":"publish","type":"page","link":"http:\/\/valentinalizer.com\/?page_id=1104","title":{"rendered":"aquaplanning"},"content":{"rendered":"\n<h3 class=\"wp-block-heading\">AQUAPLANNING<em> (anciennement Crossfader)<\/em><\/h3>\n\n\n\n<figure class=\"wp-block-image size-large\"><img loading=\"lazy\" decoding=\"async\" width=\"1024\" height=\"715\" src=\"http:\/\/valentinalizer.com\/wp-content\/uploads\/2023\/09\/aire-nuit-table-camping_m-up-1024x715.jpg\" alt=\"\" class=\"wp-image-1129\" srcset=\"http:\/\/valentinalizer.com\/wp-content\/uploads\/2023\/09\/aire-nuit-table-camping_m-up-1024x715.jpg 1024w, http:\/\/valentinalizer.com\/wp-content\/uploads\/2023\/09\/aire-nuit-table-camping_m-up-300x210.jpg 300w, http:\/\/valentinalizer.com\/wp-content\/uploads\/2023\/09\/aire-nuit-table-camping_m-up-768x536.jpg 768w, http:\/\/valentinalizer.com\/wp-content\/uploads\/2023\/09\/aire-nuit-table-camping_m-up-1536x1073.jpg 1536w, http:\/\/valentinalizer.com\/wp-content\/uploads\/2023\/09\/aire-nuit-table-camping_m-up-2048x1430.jpg 2048w\" sizes=\"auto, (max-width: 1024px) 100vw, 1024px\" \/><\/figure>\n\n\n\n<p>C\u2019est un road-movie anim\u00e9, c\u2019est aussi une \u00e9pop\u00e9e musicale et po\u00e9tique, lente et contemplative, qui se construit au fur et \u00e0 mesure de mes collectes et dont je fixerai la forme quand la n\u00e9cessit\u00e9 de la monstration l\u2019exigera.<\/p>\n\n\n\n<p>D\u2019ici l\u00e0 je peux dire ce dont cette \u00e9pop\u00e9e se nourrit et en \u00e9voquer des bribes.<\/p>\n\n\n\n<p>Sous la tente ou bien sous les \u00e9oliennes ou dans les champs ou sur l\u2019autoroute ou \u00e0 <a href=\"http:\/\/valentinalizer.com\/?p=947\" data-type=\"link\" data-id=\"http:\/\/valentinalizer.com\/?p=947\">C\u00e9ladopole<\/a> ou sur les aires de services ou dans la piscine tubulaire Intex ou \u00e0 bord de la Citroen ZX ou \u00e0 bord de la limousine se croisent le sanglier et le vieil homme au tuyau d\u2019arrosage et ce roi mort et son chauffeur et <a href=\"https:\/\/www.malcolm-france.com\/serie\/dossiers\/bernard-itineraire-dun-hamster-pas-comme-les-autres\/\">le hamster de Dewey<\/a> et le mecha-fourmi et le joueur de <a href=\"http:\/\/valentinalizer.com\/?p=564\">mini-golf<\/a> et celleux qu\u2019iels rencontrent ou qui figurent.<\/p>\n\n\n\n<p>Chacun de ces personnages est en d\u00e9placement, cherche, attend.<\/p>\n\n\n\n<p>\u00c0 l\u2019origine il y avait <a href=\"http:\/\/valentinalizer.com\/?p=773\">ce roi mort<\/a> qu\u2019\u00e9voque Jacques Brel dans <em><a href=\"https:\/\/www.youtube.com\/watch?v=i2wmKcBm4Ik\">Ne me quitte pas<\/a><\/em>, je n\u2019ai jamais pu en fixer l\u2019histoire, \u00e0 peine une iconographie (la limousine, le Bloody Mary, son chauffeur), alors un jour de novembre deux mille vingt-deux j\u2019ai d\u00e9cid\u00e9 d\u2019en finir et de le tuer. J\u2019anime (au sujet de) L\u2019histoire de ce roi mort de n\u2019avoir pas pu te rencontrer et j\u2019y broie ce roi dans le creux de ma main\u2009; dans la foul\u00e9e je compose le po\u00e8me-partition <em><a href=\"http:\/\/valentinalizer.com\/?p=1050\">fade out<\/a><\/em>, j\u2019y \u00e9cris\u2009: <em>\u00ab J\u2019annonce\u2009:&nbsp;j\u2019ai tu\u00e9 mon roi, j\u2019ai vol\u00e9 son monde et j\u2019ai vu qu\u2019il n\u2019existait pas\u2009; que des mots (mais il y a que \u00e7a des mots), maintenant je l\u2019aime.&nbsp;\u00bb<\/em>, j\u2019\u00e9cris aussi plus loin, plus t\u00f4t\u2009: <em>\u00ab&nbsp;J\u2019ai tu\u00e9 mon roi\u2009; je peux animer mes \u00e9oliennes moi-m\u00eame\u2009; je peux tout faire moi-m\u00eame en suivant les autre.&nbsp;\u00bb<\/em><\/p>\n\n\n\n<p>Tuer ce roi mort lui a donn\u00e9 la vie et m\u2019a donn\u00e9 la forme.<\/p>\n\n\n\n<figure class=\"wp-block-gallery has-nested-images columns-default is-cropped wp-block-gallery-1 is-layout-flex wp-block-gallery-is-layout-flex\">\n<figure class=\"wp-block-image size-large\"><img loading=\"lazy\" decoding=\"async\" width=\"960\" height=\"720\" data-id=\"1114\" src=\"http:\/\/valentinalizer.com\/wp-content\/uploads\/2023\/09\/evangelion.png\" alt=\"\" class=\"wp-image-1114\" srcset=\"http:\/\/valentinalizer.com\/wp-content\/uploads\/2023\/09\/evangelion.png 960w, http:\/\/valentinalizer.com\/wp-content\/uploads\/2023\/09\/evangelion-300x225.png 300w, http:\/\/valentinalizer.com\/wp-content\/uploads\/2023\/09\/evangelion-768x576.png 768w\" sizes=\"auto, (max-width: 960px) 100vw, 960px\" \/><figcaption class=\"wp-element-caption\"><em>Neon Genesis Evangelion<\/em>, 1995<\/figcaption><\/figure>\n\n\n\n<figure class=\"wp-block-image size-large\"><img loading=\"lazy\" decoding=\"async\" width=\"1024\" height=\"682\" data-id=\"1113\" src=\"http:\/\/valentinalizer.com\/wp-content\/uploads\/2023\/09\/the-pure-necessity-1024x682.jpg\" alt=\"\" class=\"wp-image-1113\" srcset=\"http:\/\/valentinalizer.com\/wp-content\/uploads\/2023\/09\/the-pure-necessity-1024x682.jpg 1024w, http:\/\/valentinalizer.com\/wp-content\/uploads\/2023\/09\/the-pure-necessity-300x200.jpg 300w, http:\/\/valentinalizer.com\/wp-content\/uploads\/2023\/09\/the-pure-necessity-768x512.jpg 768w, http:\/\/valentinalizer.com\/wp-content\/uploads\/2023\/09\/the-pure-necessity.jpg 1100w\" sizes=\"auto, (max-width: 1024px) 100vw, 1024px\" \/><figcaption class=\"wp-element-caption\"><em>The Pure Necessity<\/em>, 2016<\/figcaption><\/figure>\n\n\n\n<figure class=\"wp-block-image size-large is-style-default\"><img loading=\"lazy\" decoding=\"async\" width=\"1024\" height=\"554\" data-id=\"1115\" src=\"http:\/\/valentinalizer.com\/wp-content\/uploads\/2023\/09\/the-green-knight-1024x554.png\" alt=\"\" class=\"wp-image-1115\" srcset=\"http:\/\/valentinalizer.com\/wp-content\/uploads\/2023\/09\/the-green-knight-1024x554.png 1024w, http:\/\/valentinalizer.com\/wp-content\/uploads\/2023\/09\/the-green-knight-300x162.png 300w, http:\/\/valentinalizer.com\/wp-content\/uploads\/2023\/09\/the-green-knight-768x415.png 768w, http:\/\/valentinalizer.com\/wp-content\/uploads\/2023\/09\/the-green-knight-1536x830.png 1536w, http:\/\/valentinalizer.com\/wp-content\/uploads\/2023\/09\/the-green-knight.png 1924w\" sizes=\"auto, (max-width: 1024px) 100vw, 1024px\" \/><figcaption class=\"wp-element-caption\"><em>The Green Knight<\/em>, 2020<\/figcaption><\/figure>\n<\/figure>\n\n\n\n<p>Cette forme, j\u2019y avais song\u00e9 bien avant sa mort et bien avant l\u2019attente, quand je suis arriv\u00e9 \u00e0 Toulouse en 2019, je n\u2019avais pas de logement fixe mais j\u2019avais les mus\u00e9es gratuits. Je me rendais quasi-quotidiennement aux Abattoirs, le canap\u00e9 de cuir noir se situait alors face au dessin anim\u00e9 de David Claerbout\u2009: <em><a href=\"https:\/\/davidclaerbout.com\/The-pure-necessity-2016\">The pure necessity<\/a><\/em> (2016)\u2009; je le regardais et j\u2019y m\u00e9ditais, somnolais. J\u2019entrais dans un \u00e9tat de r\u00eave-\u00e9veill\u00e9 proche de ce que j\u2019ai pu ressentir en visionnant <em>Under the Silver Lake<\/em> (2018) de David Robert Mitchell.<\/p>\n\n\n\n<p>J\u2019y suis revenu pendant le confinement de 2020 devant <em>Neon Genesis Evangelion<\/em> (1995). Dans l\u2019\u00e9pisode 4, Shinji fugue et erre dans Tokyo-3, l\u2019image se d\u00e9forme sous la chaleur caniculaire, on entend le bruit des cigales. Shinji monte \u00e0 bord d&rsquo;un train et y reste toute la journ\u00e9e, il \u00e9coute en boucle les deux m\u00eames musiques sur son walkman, le spectateur n\u2019entend que le bruit du train qui roule et vibre.<\/p>\n\n\n\n<p>Il y a l\u00e0 l\u2019attente-errante chaude et morose.<\/p>\n\n\n\n<p>J\u2019en trouve une autre dans <em>The Green Knight<\/em> (2020) de David Lowery. Sire Gauvain y effectue un long p\u00e9riple jusqu\u2019\u00e0 la chapelle verte o\u00f9 l\u2019attend l\u2019in\u00e9luctabilit\u00e9 de sa mort, en chemin, il est confront\u00e9 \u00e0 diff\u00e9rentes \u00e9preuves. L\u2019une d\u2019entre-elles illustre le conflit entre l&rsquo;honneur et les devoirs du chevalier.<\/p>\n\n\n\n<p>Il y a l\u00e0 les attentes et l\u2019impossibilit\u00e9 de toutes les satisfaire.<\/p>\n\n\n\n<p>Si ces fictions me touchent, c\u2019est qu\u2019au fond, sous-l\u2019autostop et le soleil, il y a ces attentes, celles de la famille, des ami\u00b7e\u00b7s, des amours, des diff\u00e9rents milieux militants, artistiques, professionnels, alternatifs et institutionnels qui soutiennent chacun\u00b7e\u00b7s leurs propres syst\u00e8mes de valeurs parfois contradictoires entre-eux mais qui se fr\u00e9quentent, se superposent, se m\u00ealent, s\u2019entrechoquent et cohabitent. <\/p>\n\n\n\n<p>C\u2019est cet espace de chevauchement <em>full of<\/em> contractions qui m\u2019int\u00e9resse.<\/p>\n\n\n\n<p><\/p>\n\n\n\n<p>Mes mots peuvent appara\u00eetre brumeux, aussi soyons clair, soyons formel-formel\u2009: il s\u2019agira de la vid\u00e9o-projection \u00e0 l\u2019\u00e9chelle du mur, d\u2019un vid\u00e9o-po\u00e8me anim\u00e9, narratif, \u00e9paul\u00e9 pas loin par la diffusion sur moniteur plat fix\u00e9 sur le mur limitrophe, de la boucle vid\u00e9o d\u2019un feu de chemin\u00e9e qui ne prend pas, le tout pr\u00e9sent\u00e9 dans une salle sombre, confortable et propice \u00e0 la somnolence\u2009; si le contexte est ad\u00e9quat, j\u2019effectuerai une lecture-performance.<\/p>\n\n\n\n<blockquote class=\"wp-block-quote is-layout-flow wp-block-quote-is-layout-flow\">\n<p><img decoding=\"async\" src=\"http:\/\/valentinalizer.com\/wp-content\/uploads\/2024\/01\/logo-drac.jpg\" alt=\"\"><br><em><strong>Avec le concours de la Pr\u00e9fecture de la r\u00e9gion Occitanie &#8211; Direction r\u00e9gionale des affaires culturelles via le dispositif de l\u2019Aide Individuelle \u00e0 la Cr\u00e9at<\/strong>ion.<\/em><\/p>\n<\/blockquote>\n","protected":false},"excerpt":{"rendered":"<p>AQUAPLANNING (anciennement Crossfader) C\u2019est un road-movie anim\u00e9, c\u2019est aussi une \u00e9pop\u00e9e musicale et po\u00e9tique, lente et contemplative, qui se construit au fur et \u00e0 mesure de mes collectes et dont je fixerai la forme quand la n\u00e9cessit\u00e9 de la monstration l\u2019exigera. D\u2019ici l\u00e0 je peux dire ce dont cette \u00e9pop\u00e9e se nourrit et en \u00e9voquer [&hellip;]<\/p>\n","protected":false},"author":1,"featured_media":1129,"parent":0,"menu_order":0,"comment_status":"closed","ping_status":"closed","template":"","meta":{"_acf_changed":false,"footnotes":""},"class_list":["post-1104","page","type-page","status-publish","has-post-thumbnail","hentry"],"acf":[],"_links":{"self":[{"href":"http:\/\/valentinalizer.com\/index.php?rest_route=\/wp\/v2\/pages\/1104","targetHints":{"allow":["GET"]}}],"collection":[{"href":"http:\/\/valentinalizer.com\/index.php?rest_route=\/wp\/v2\/pages"}],"about":[{"href":"http:\/\/valentinalizer.com\/index.php?rest_route=\/wp\/v2\/types\/page"}],"author":[{"embeddable":true,"href":"http:\/\/valentinalizer.com\/index.php?rest_route=\/wp\/v2\/users\/1"}],"replies":[{"embeddable":true,"href":"http:\/\/valentinalizer.com\/index.php?rest_route=%2Fwp%2Fv2%2Fcomments&post=1104"}],"version-history":[{"count":34,"href":"http:\/\/valentinalizer.com\/index.php?rest_route=\/wp\/v2\/pages\/1104\/revisions"}],"predecessor-version":[{"id":1211,"href":"http:\/\/valentinalizer.com\/index.php?rest_route=\/wp\/v2\/pages\/1104\/revisions\/1211"}],"wp:featuredmedia":[{"embeddable":true,"href":"http:\/\/valentinalizer.com\/index.php?rest_route=\/wp\/v2\/media\/1129"}],"wp:attachment":[{"href":"http:\/\/valentinalizer.com\/index.php?rest_route=%2Fwp%2Fv2%2Fmedia&parent=1104"}],"curies":[{"name":"wp","href":"https:\/\/api.w.org\/{rel}","templated":true}]}}